
True
Is 39944268 a multiple of 1869?
True
Does 493 divide 79667321?
True
Is 4942231 a multiple of 24?
False
Is 40257672 a multiple of 78?
True
Is 41474832 a multiple of 21?
True
Is 13 a factor of 22132926?
False
Does 2062 divide 2540384?
True
Is 80621739 a multiple of 23?
True
Is 72 a factor of 505124712?
True
Does 8 divide 8059944?
True
Does 1094 divide 1632767650?
True
Does 1837 divide 2910285620?
True
Is 1118 a factor of 18504018?
True
Is 665711043 a multiple of 1024?
False
Is 40334834 a multiple of 622?
True
Is 93353219 a multiple of 30?
False
Is 41 a factor of 188264784?
True
Is 293298972 a multiple of 23?
False
Does 11 divide 785096?
False
Is 40 a factor of 56156395?
False
Does 144 divide 115135056?
True
Does 10503 divide 4383479565?
True
Does 1315 divide 48893105?
False
Is 595825864 a multiple of 15?
False
Does 36 divide 11875210?
False
Is 2 a factor of 16980491?
False
Is 7 a factor of 48658898?
False
Is 612301751 a multiple of 631?
False
Does 100 divide 704635700?
True
Is 15 a factor of 783326220?
True
Is 13096589 a multiple of 597?
False
Is 4439595 a multiple of 3?
True
Is 128456109 a multiple of 51?
False
Is 232844499 a multiple of 394?
False
Is 114832713 a multiple of 78?
False
Does 1752 divide 9339912?
True
Is 2221278523 a multiple of 4269?
False
Is 1235255 a multiple of 465?
False
Is 28772868 a multiple of 931?
False
Does 25 divide 715370781?
False
Does 205 divide 20425995?
True
Is 40937986 a multiple of 91?
False
Is 380183529 a multiple of 3983?
False
Does 647 divide 19748221?
False
Does 467 divide 71887159?
False
Does 484 divide 4970680?
True
Is 364665888 a multiple of 242?
False
Does 44 divide 50601364?
True
Is 139 a factor of 2784477108?
False
Does 12 divide 2383687986?
False
Is 93283428 a multiple of 12?
True
Does 923 divide 12237098?
False
Is 98439351 a multiple of 127?
True
Is 12 a factor of 87944292?
True
Is 1101765 a multiple of 252?
False
Is 4 a factor of 18227009?
False
Does 402 divide 230182788?
True
Is 23 a factor of 214667027?
True
Does 186 divide 252834300?
False
Is 68913021 a multiple of 1293?
True
Is 391279968 a multiple of 7092?
False
Is 109 a factor of 9989087?
True
Does 2081 divide 324183037?
False
Does 21 divide 5132374499?
False
Does 152 divide 40775824?
True
Does 102 divide 297081834?
True
Is 378740078 a multiple of 458?
False
Is 944 a factor of 138446244?
False
Does 1009 divide 21404926?
True
Is 1364424090 a multiple of 68?
False
Is 151 a factor of 4233213083?
False
Does 6477 divide 1591935562?
False
Is 115 a factor of 939600945?
True
Does 74 divide 902281955?
False
Is 24012413 a multiple of 71?
True
Is 52599396 a multiple of 12?
True
Is 16806853 a multiple of 1968?
False
Is 415 a factor of 199454810?
True
Does 10 divide 16249881?
False
Does 21 divide 15517782?
True
Is 72 a factor of 291895993?
False
Is 3 a factor of 277183050?
True
Is 63052025 a multiple of 25?
True
Is 2232459988 a multiple of 108?
False
Is 12 a factor of 85241124?
True
Is 721987683 a multiple of 2353?
False
Is 4622533 a multiple of 731?
False
Is 340 a factor of 66600560?
True
Does 5 divide 5835485?
True
Is 1273065216 a multiple of 426?
True
Is 15 a factor of 307166955?
True
Is 7831 a factor of 143875163?
False
Does 1162 divide 72534364?
True
Is 311917320 a multiple of 657?
True
Is 174187179 a multiple of 9?
True
Does 9 divide 9877626?
True
Is 12714 a factor of 3399075186?
True
Is 48 a factor of 4879827?
False
Is 2978 a factor of 346553810?
False
Is 657916710 a multiple of 55?
True
Is 46423563 a multiple of 201?
True
Does 16 divide 32548136?
False
Is 13801430 a multiple of 10?
True
Is 237 a factor of 30274143?
True
Is 190241542 a multiple of 7768?
False
Is 8 a factor of 15653520?
True
Is 111 a factor of 3406830?
False
Does 241 divide 29008206?
True
Is 297 a factor of 2218683043?
False
Is 157223562 a multiple of 1866?
True
Is 161 a factor of 47367327?
True
Does 13 divide 5126082?
True
Is 709234860 a multiple of 30?
True
Does 12 divide 22205937?
False
Is 16050800 a multiple of 40?
True
Is 54170753 a multiple of 203?
True
Is 7 a factor of 106434622?
True
Does 10 divide 177430181?
False
Is 220296854 a multiple of 41?
True
Is 20 a factor of 26281213?
False
Is 1266708 a multiple of 1119?
True
Is 87436486 a multiple of 38?
False
Is 116 a factor of 20773672?
False
Is 10416888 a multiple of 6?
True
Is 99 a factor of 697675176?
True
Does 3183 divide 249276645?
True
Does 46 divide 163495667?
False
Does 3682 divide 295888019?
False
Is 324617242 a multiple of 19?
True
Does 161 divide 33082763?
True
Is 36 a factor of 65236356?
True
Does 330 divide 100240340?
False
Is 74158780 a multiple of 10?
True
Is 5507 a factor of 456574202?
False
Is 292586776 a multiple of 2?
True
Is 93 a factor of 229423002?
True
Is 168706410 a multiple of 457?
False
Is 1068298506 a multiple of 393?
False
Is 24059777 a multiple of 1515?
False
Does 13 divide 34048894?
False
Is 336889955 a multiple of 250?
False
Is 1554605808 a multiple of 168?
True
Does 25 divide 5058875?
True
Is 49597350 a multiple of 157?
False
Does 11 divide 232015831?
False
Does 1790 divide 135635153?
False
Is 248934743 even?
False
Is 81212834 a multiple of 37?
False
Is 16038942 a multiple of 4?
False
Is 15 a factor of 434827100?
False
Does 220 divide 34079862?
False
Is 61 a factor of 38251510?
False
Does 11 divide 638479003?
False
Does 47 divide 3058546?
False
Is 33 a factor of 203308323?
False
Is 1078912 a multiple of 16?
True
Is 185 a factor of 8217161?
False
Does 618 divide 63488376?
True
Does 203 divide 31427039?
True
Is 3245 a factor of 24087635?
True
Does 13 divide 326692921?
False
Is 924 a factor of 77830368?
True
Is 155319582 a multiple of 15?
False
Is 17052250 a multiple of 125?
True
Is 1436676243 a multiple of 3533?
False
Is 718034571 a multiple of 27?
True
Is 26949195 a multiple of 105?
True
Is 7835654 a multiple of 48?
False
Is 614 a factor of 654848806?
True
Does 5 divide 90577020?
True
Is 1699 a factor of 267157834?
False
Is 1497 a factor of 12818325?
False
Is 69445802 a multiple of 227?
False
Is 2723 a factor of 42525091?
True
Is 6296086 a multiple of 562?
True
Is 47195467 a multiple of 97?
False
Does 17 divide 399491011?
False
Is 13 a factor of 15157337?
True
Is 156 a factor of 45520867?
False
Is 5 a factor of 903539888?
False
Is 106661215 a multiple of 2?
False
Does 49 divide 22240904?
True
Is 70981346 a multiple of 446?
True
Is 1706 a factor of 13070699?
False
Does 59 divide 23175908?
True
Does 6132 divide 187479768?
True
Is 629402484 a multiple of 12?
True
Is 294 a factor of 28511826?
True
Does 42 divide 1095311532?
True
Is 282 a factor of 355519975?
False
Is 15 a factor of 374946067?
False
Is 129425656 a multiple of 242?
False
Is 68 a factor of 126145236?
True
Is 10 a factor of 1024219708?
False
Does 413 divide 375082470?
True
Does 836 divide 662030072?
True
Is 809 a factor of 16878181?
False
Is 5959560 a multiple of 111?
False
Is 1251 a factor of 83455936?
False
Does 448 divide 52908220?
False
Is 273023358 a multiple of 129?
False
Is 14 a factor of 104926528?
True
Is 42412974 a multiple of 2341?
False
Is 173 a factor of 24199626?
False
Is 55 a factor of 456267020?
True
Does 88 divide 112487496?
True
Is 2287 a factor of 224546808?
True
Is 194 a factor of 264415791?
False
Is 19 a factor of 28132600?
False
Is 259854520 a multiple of 2906?
True
Is 1498555458 a multiple of 16?
False
Is 292408407 a multiple of 5768?
False
Is 143 a factor of 7102172?
False
Is 4705901 a multiple of 19?
True
Is 210127831 a multiple of 3?
False
Does 44 divide 160149218?
False
Does 128 divide 19653376?
True
Is 5322570 a multiple of 635?
True
Is 756950916 a multiple of 11?
False
Is 660 a factor of 584441347?
False
Is 18653440 a multiple of 40?
True
Is 359 a factor of 1368149?
True
Is 15320712 a multiple of 524?
True
Is 25541748 a multiple of 18?
True
Is 111108311 a multiple of 1139?
True
Does 25 divide 3494767172?
False
Is 78729230 a multiple of 23?
True
Is 20 a factor of 1883158020?
True
Is 154120 a multiple of 5?
True
Is 64 a factor of 185401920?
True
Does 12 divide 317948386?
False
Is 211511248 a multiple of 43?
False
Does 509 divide 309935190?
True
Is 37 a factor of 2986897557?
True
Does 4693 divide 48605842?
False
Is 80827227 a multiple of 1593?
True
Is 143 a factor of 304307432?
True
Is 63897691 a multiple